
What is -1730874 (base 12) in base 6?
-250405424
Convert -23300213 (base 4) to base 6.
-1010555
3124bb (base 12) to base 7
6362000
What is 2a383 (base 14) in base 11?
71962
Convert -31032130 (base 7) to base 5.
-1131034422
10011232322 (base 4) to base 8
4055672
79df8 (base 16) to base 4
1321313320
Convert -4a181 (base 13) to base 2.
-100001010100101000
Convert 15712694 (base 10) to base 11.
89621a8
Convert 2b2399 (base 13) to base 11.
665809
Convert -1010001111111111 (base 2) to base 14.
-1142b
Convert -10212110202 (base 3) to base 9.
-125422
-10000100101101110 (base 2) to base 12
-333a6
Convert 13301112 (base 5) to base 9.
224480
What is 306335 (base 9) in base 6?
3521352
-2036523 (base 7) to base 5
-30313241
-71726 (base 9) to base 7
-254514
-505330051 (base 6) to base 9
-17256334
Convert 53553b (base 13) to base 8.
7350354
What is -306300 (base 7) in base 8?
-146622
Convert 326aa (base 13) to base 7.
526660
-402404321 (base 6) to base 13
-1558132
Convert -1000110010121 (base 3) to base 10.
-540286
What is 11101000101000110101010 (base 2) in base 15?
a08a57
What is 2344320 (base 6) in base 13?
43b8a
What is -2133349 (base 13) in base 11?
-5790688
What is -193eb3 (base 15) in base 2?
-100101011111010011011
120302032 (base 5) to base 3
1001021101202
What is 58c98 (base 13) in base 2?
100111101011100110
Convert -37200763 (base 8) to base 2.
-11111010000000111110011
What is 11538 (base 12) in base 6?
255312
What is 18561527 (base 9) in base 10?
9370267
f2cf1 (base 16) to base 12
3bb669
What is 306675 (base 11) in base 12?
1b8837
8920b0 (base 12) to base 16
214704
140061316 (base 7) to base 10
9073882
10521421 (base 6) to base 13
b3605
Convert 716a (base 12) to base 2.
11000000100010
What is -26a2b2 (base 12) in base 10?
-639782
What is -12111201022 (base 3) in base 14?
-2b71b
Convert 1e34c (base 15) to base 13.
35b74
Convert -213112302 (base 4) to base 11.
-100128
What is 1c6808 (base 16) in base 8?
7064010
Convert -662b4 (base 12) to base 4.
-201000220
Convert -411142142 (base 5) to base 2.
-110010101110011011100
What is -1376650 (base 8) in base 9?
-657510
What is -105141 (base 8) in base 5?
-2113200
What is -24dff (base 16) in base 9?
-250161
Convert 8721424 (base 9) to base 16.
47659c
-57ddb6 (base 14) to base 15
-3e2c5c
What is 25100023 (base 6) in base 15?
10c4b3
Convert 208c6 (base 13) to base 12.
29b24
What is -301312323 (base 4) in base 6?
-4213243
-154545 (base 7) to base 10
-30462
What is a76241 (base 12) in base 14?
4cb89b
What is d92035 (base 15) in base 12?
35645b8
What is -211683 (base 10) in base 7?
-1541103
What is a089 (base 14) in base 8?
65651
Convert -2391276 (base 12) to base 7.
-112465410
210002112020 (base 3) to base 7
3346311
Convert -10302040324 (base 5) to base 3.
-202122101211220
-549764 (base 10) to base 6
-15441112
Convert 164854 (base 11) to base 13.
8c246
Convert 100010001000111000010010 (base 2) to base 8.
42107022
11c071b (base 13) to base 15
747146
-32830815 (base 9) to base 6
-1324520022
What is -10313155 (base 6) in base 2?
-1001010100001111111
Convert 52302205 (base 6) to base 8.
5622435
Convert 200112133232 (base 4) to base 10.
8480750
What is 1143131 (base 6) in base 2?
1110101110011111
Convert -2231013333 (base 4) to base 10.
-709119
Convert 22120263 (base 8) to base 10.
4759731
Convert -10100011111110000111100 (base 2) to base 4.
-110133300330
Convert -57c252 (base 13) to base 14.
-3c3253
1275621 (base 8) to base 11
225a59
What is -12200002010001 (base 3) in base 13?
-816583
Convert -1cab06 (base 14) to base 4.
-3323011002
What is -112122113 (base 4) in base 5?
-10414144
101110111001010010100 (base 2) to base 8
5671224
17840150 (base 9) to base 11
5099221
-62004143 (base 7) to base 5
-2311144013
6425164 (base 7) to base 15
106074
What is 149546 (base 10) in base 13?
530b7
What is -136dd2 (base 15) in base 9?
-1674048
What is 54304 (base 9) in base 3?
1211100011
-3334 (base 9) to base 6
-15221
What is -1ed24 (base 16) in base 6?
-2412244
-117a74 (base 12) to base 3
-112101110121
-31323401 (base 5) to base 15
-5256b
Convert -953844 (base 10) to base 4.
-3220313310
Convert 104050100 (base 7) to base 6.
341523215
What is 415513 (base 6) in base 7?
200106
Convert 178a20 (base 12) to base 6.
12434440
What is -b2515 (base 12) in base 10?
-232289
What is 1706675 (base 8) in base 13?
14442a
Convert 1001213131102 (base 4) to base 2.
1000001100111011101010010
435061 (base 8) to base 4
203220301
Convert -735141 (base 10) to base 7.
-6151161
What is 48752a (base 11) in base 6?
24310434
What is -20305225 (base 6) in base 11?
-36a055
Convert -1607889 (base 10) to base 13.
-443b1a
Convert -40130433 (base 5) to base 2.
-1001101100010110010
What is 73381c (base 16) in base 5?
3413113004
Convert -34403 (base 15) to base 14.
-44850
What is 37ccb8 (base 13) in base 10?
1342349
-101221020122201 (base 3) to base 7
-100252450
-614247 (base 8) to base 10
-202919
-61356 (base 15) to base 12
-12a209
What is -1001101010101100100000 (base 2) in base 9?
-4682211
2222202121 (base 3) to base 7
333436
Convert 7a460 (base 12) to base 7.
1246311
Convert -6c235 (base 13) to base 6.
-4125104
Convert 1102222144 (base 5) to base 16.
245bcf
What is 2426240 (base 10) in base 8?
11202600
What is -13321314 (base 5) in base 11?
-93066
Convert -1ba5a17 (base 13) to base 9.
-18285746
Convert 1b15650 (base 12) to base 8.
25745134
What is -6613216 (base 8) in base 14?
-342d54
-2202221101122 (base 3) to base 10
-1475054
What is -114524c (base 14) in base 13?
-1924503
What is -36b25 (base 13) in base 5?
-11211010
26852 (base 13) to base 2
10001100000101011
What is 1466267 (base 9) in base 8?
3061120
What is -3865987 (base 10) in base 3?
-21021102010201
What is 1432652 (base 9) in base 11?
49a026
Convert -6bd82 (base 16) to base 7.
-3516562
Convert -1451241 (base 8) to base 2.
-1100101001010100001
-1222000001121 (base 3) to base 14
-1d2294
29792 (base 11) to base 15
c78e
Convert -2101122000100 (base 3) to base 15.
-1a1dc9
Convert 863c7 (base 14) to base 11.
201930
20fc0 (base 16) to base 10
135104
What is 544212344 (base 6) in base 2?
100101000101100000001000
What is -2102101222020 (base 3) in base 12?
-521029
Convert 12721355 (base 8) to base 2.
1010111010001011101101
-15267752 (base 9) to base 6
-430544415
What is -2b3ad (base 15) in base 14?
-38a3b
65323d (base 16) to base 13
14b2878
20354 (base 10) to base 13
9359
Convert 62605450 (base 7) to base 10.
5279344
What is -2c1772 (base 13) in base 6?
-35200411
-1c3994 (base 14) to base 11
-62a040
285518 (base 10) to base 11
185572
-77855 (base 10) to base 15
-18105
Convert 540140 (base 8) to base 12.
88428
Convert 106825 (base 11) to base 16.
29830
What is 17542 (base 9) in base 14?
45ab
2126227 (base 10) to base 5
1021014402
What is 40040032 (base 5) in base 16?
4ce89
What is 1320233032 (base 4) in base 5?
111311132
Convert 33914 (base 13) to base 8.
267164
Convert 443432450 (base 6) to base 13.
18777a2
Convert -113021165 (base 7) to base 9.
-14056758
1211101111 (base 3) to base 13
13507
Convert 202a (base 11) to base 3.
10200210
1223232211 (base 4) to base 13
125ac7
Convert -1336712 (base 9) to base 12.
-2b439b
-211012222210 (base 3) to base 5
-102444034
What is -402171 (base 11) in base 10?
-647065
Convert -349e0 (base 16) to base 7.
-1555224
b1bb (base 13) to base 8
57652
Convert -242156 (base 7) to base 5.
-2401434
-462b3 (base 12) to base 15
-1cb90
Convert -21209 (base 15) to base 12.
-50990
Convert -121002123 (base 4) to base 12.
-4b423
Convert -230367 (base 8) to base 9.
-128075
1165431 (base 8) to base 15
65789
681567 (base 11) to base 16
109003
What is -110101110010001011111 (base 2) in base 16?
-1ae45f
148ab52 (base 12) to base 11
2396088
467543 (base 9) to base 13
9ac4a
What is -3071007 (base 10) in base 6?
-145453343
-100100110110011000 (base 2) to base 9
-250036
-10b25cc (base 13) to base 9
-10613457
4321645 (base 7) to base 14
d9c25
Convert -4292967 (base 10) to base 5.
-2044333332
Convert -155353101 (base 7) to base 13.
-224aac2
What is 1115223 (base 6) in base 16?
de3f
Convert -22121212222 (base 3) to base 8.
-513457
Convert 59d83d (base 15) to base 2.
10000011001010111111001
What is -10022201212 (base 3) in base 2?
-1111111110001001
What is 1a88a (base 13) in base 14?
14d41
What is